{"id":8083,"date":"2022-06-30T16:13:55","date_gmt":"2022-06-30T14:13:55","guid":{"rendered":"https:\/\/www.pixelconcept1.com\/chu-sm\/?page_id=8083"},"modified":"2022-06-30T16:52:39","modified_gmt":"2022-06-30T14:52:39","slug":"service-social","status":"publish","type":"page","link":"http:\/\/chusm.ma\/?page_id=8083","title":{"rendered":"Service Social"},"content":{"rendered":"\t\t<div data-elementor-type=\"wp-post\" data-elementor-id=\"8083\" class=\"elementor elementor-8083\" data-elementor-settings=\"[]\">\n\t\t\t\t\t\t<div class=\"elementor-inner\">\n\t\t\t\t\t\t\t<div class=\"elementor-section-wrap\">\n\t\t\t\t\t\t\t<section class=\"elementor-section elementor-top-section elementor-element elementor-element-22216ac elementor-section-full_width elementor-section-content-top elementor-section-stretched elementor-section-height-default elementor-section-height-default\" data-id=\"22216ac\" data-element_type=\"section\" data-settings=\"{&quot;stretch_section&quot;:&quot;section-stretched&quot;}\">\n\t\t\t\t\t\t<div class=\"elementor-container elementor-column-gap-no\">\n\t\t\t\t\t\t\t<div class=\"elementor-row\">\n\t\t\t\t\t<div class=\"elementor-column elementor-col-100 elementor-top-column elementor-element elementor-element-1799359\" data-id=\"1799359\" data-element_type=\"column\">\n\t\t\t<div class=\"elementor-column-wrap elementor-element-populated\">\n\t\t\t\t\t\t\t<div class=\"elementor-widget-wrap\">\n\t\t\t\t\t\t<div class=\"elementor-element elementor-element-e70f05a elementor-widget elementor-widget-image\" data-id=\"e70f05a\" data-element_type=\"widget\" data-widget_type=\"image.default\">\n\t\t\t\t<div class=\"elementor-widget-container\">\n\t\t\t\t\t\t\t\t<div class=\"elementor-image\">\n\t\t\t\t\t\t\t\t\t\t\t\t<img decoding=\"async\" width=\"1920\" height=\"250\" src=\"http:\/\/chusm.ma\/wp-content\/uploads\/2022\/06\/service-social.jpg\" class=\"attachment-full size-full\" alt=\"\" loading=\"lazy\" srcset=\"http:\/\/chusm.ma\/wp-content\/uploads\/2022\/06\/service-social.jpg 1920w, http:\/\/chusm.ma\/wp-content\/uploads\/2022\/06\/service-social-300x39.jpg 300w, http:\/\/chusm.ma\/wp-content\/uploads\/2022\/06\/service-social-1024x133.jpg 1024w, http:\/\/chusm.ma\/wp-content\/uploads\/2022\/06\/service-social-768x100.jpg 768w, http:\/\/chusm.ma\/wp-content\/uploads\/2022\/06\/service-social-1536x200.jpg 1536w\" sizes=\"(max-width: 1920px) 100vw, 1920px\" \/>\t\t\t\t\t\t\t\t\t\t\t\t\t\t<\/div>\n\t\t\t\t\t\t<\/div>\n\t\t\t\t<\/div>\n\t\t\t\t\t\t<\/div>\n\t\t\t\t\t<\/div>\n\t\t<\/div>\n\t\t\t\t\t\t\t\t<\/div>\n\t\t\t\t\t<\/div>\n\t\t<\/section>\n\t\t\t\t<section class=\"elementor-section elementor-top-section elementor-element elementor-element-d59d854 animated-slow elementor-section-boxed elementor-section-height-default elementor-section-height-default elementor-invisible\" data-id=\"d59d854\" data-element_type=\"section\" data-settings=\"{&quot;animation&quot;:&quot;fadeInUp&quot;}\">\n\t\t\t\t\t\t<div class=\"elementor-container elementor-column-gap-default\">\n\t\t\t\t\t\t\t<div class=\"elementor-row\">\n\t\t\t\t\t<div class=\"elementor-column elementor-col-100 elementor-top-column elementor-element elementor-element-4dcf94c\" data-id=\"4dcf94c\" data-element_type=\"column\">\n\t\t\t<div class=\"elementor-column-wrap elementor-element-populated\">\n\t\t\t\t\t\t\t<div class=\"elementor-widget-wrap\">\n\t\t\t\t\t\t<div class=\"elementor-element elementor-element-4f4c4da elementor-widget elementor-widget-heading\" data-id=\"4f4c4da\" data-element_type=\"widget\" data-widget_type=\"heading.default\">\n\t\t\t\t<div class=\"elementor-widget-container\">\n\t\t\t<h2 class=\"elementor-heading-title elementor-size-default\">Service Social<\/h2>\t\t<\/div>\n\t\t\t\t<\/div>\n\t\t\t\t\t\t<\/div>\n\t\t\t\t\t<\/div>\n\t\t<\/div>\n\t\t\t\t\t\t\t\t<\/div>\n\t\t\t\t\t<\/div>\n\t\t<\/section>\n\t\t\t\t<section class=\"elementor-section elementor-top-section elementor-element elementor-element-d43293f xs_open_clinic elementor-section-boxed elementor-section-height-default elementor-section-height-default\" data-id=\"d43293f\" data-element_type=\"section\" data-settings=\"{&quot;background_background&quot;:&quot;classic&quot;}\">\n\t\t\t\t\t\t<div class=\"elementor-container elementor-column-gap-default\">\n\t\t\t\t\t\t\t<div class=\"elementor-row\">\n\t\t\t\t\t<div class=\"elementor-column elementor-col-50 elementor-top-column elementor-element elementor-element-c652c33 animated-slow elementor-invisible\" data-id=\"c652c33\" data-element_type=\"column\" data-settings=\"{&quot;animation&quot;:&quot;fadeInLeft&quot;}\">\n\t\t\t<div class=\"elementor-column-wrap elementor-element-populated\">\n\t\t\t\t\t\t\t<div class=\"elementor-widget-wrap\">\n\t\t\t\t\t\t<div class=\"elementor-element elementor-element-6a949ca elementor-absolute elementor-hidden-phone elementor-widget__width-initial elementor-widget elementor-widget-image\" data-id=\"6a949ca\" data-element_type=\"widget\" data-settings=\"{&quot;_position&quot;:&quot;absolute&quot;}\" data-widget_type=\"image.default\">\n\t\t\t\t<div class=\"elementor-widget-container\">\n\t\t\t\t\t\t\t\t<div class=\"elementor-image\">\n\t\t\t\t\t\t\t\t\t\t\t\t<img decoding=\"async\" width=\"44\" height=\"184\" src=\"http:\/\/chusm.ma\/wp-content\/uploads\/2020\/01\/home-5-clinic-dots.png\" class=\"attachment-large size-large\" alt=\"\" loading=\"lazy\" \/>\t\t\t\t\t\t\t\t\t\t\t\t\t\t<\/div>\n\t\t\t\t\t\t<\/div>\n\t\t\t\t<\/div>\n\t\t\t\t\t\t<\/div>\n\t\t\t\t\t<\/div>\n\t\t<\/div>\n\t\t\t\t<div class=\"elementor-column elementor-col-50 elementor-top-column elementor-element elementor-element-f148886\" data-id=\"f148886\" data-element_type=\"column\">\n\t\t\t<div class=\"elementor-column-wrap elementor-element-populated\">\n\t\t\t\t\t\t\t<div class=\"elementor-widget-wrap\">\n\t\t\t\t\t\t<div class=\"elementor-element elementor-element-69fe92e elementor-widget__width-initial elementor-widget elementor-widget-elementskit-heading\" data-id=\"69fe92e\" data-element_type=\"widget\" data-widget_type=\"elementskit-heading.default\">\n\t\t\t\t<div class=\"elementor-widget-container\">\n\t\t\t<div class=\"ekit-wid-con\" ><div class=\"ekit-heading elementskit-section-title-wraper    ekit_heading_tablet-   ekit_heading_mobile-\">\t\t\t\t<div class='ekit-heading__description'>\n\t\t\t\t\t<p>Nos h\u00f4pitaux sont dot\u00e9s d\u2019unit\u00e9s d\u2019assistance sociale qui sont au service des patients et de leurs familles.<\/p>\n\t\t\t\t<\/div>\n\t\t\t<\/div><\/div>\t\t<\/div>\n\t\t\t\t<\/div>\n\t\t\t\t\t\t<\/div>\n\t\t\t\t\t<\/div>\n\t\t<\/div>\n\t\t\t\t\t\t\t\t<\/div>\n\t\t\t\t\t<\/div>\n\t\t<\/section>\n\t\t\t\t<section class=\"elementor-section elementor-top-section elementor-element elementor-element-362196c elementor-section-boxed elementor-section-height-default elementor-section-height-default\" data-id=\"362196c\" data-element_type=\"section\">\n\t\t\t\t\t\t<div class=\"elementor-container elementor-column-gap-default\">\n\t\t\t\t\t\t\t<div class=\"elementor-row\">\n\t\t\t\t\t<div class=\"elementor-column elementor-col-100 elementor-top-column elementor-element elementor-element-02d8faf\" data-id=\"02d8faf\" data-element_type=\"column\">\n\t\t\t<div class=\"elementor-column-wrap elementor-element-populated\">\n\t\t\t\t\t\t\t<div class=\"elementor-widget-wrap\">\n\t\t\t\t\t\t<div class=\"elementor-element elementor-element-9b86e95 elementor-widget elementor-widget-shortcode\" data-id=\"9b86e95\" data-element_type=\"widget\" data-widget_type=\"shortcode.default\">\n\t\t\t\t<div class=\"elementor-widget-container\">\n\t\t\t\t\t<div class=\"elementor-shortcode\"><div class=\"wptb-table-container wptb-table-8088\"><div class=\"wptb-table-container-matrix\" id=\"wptb-table-id-8088\" data-wptb-version=\"1.4.2\" data-wptb-pro-status=\"true\"><table class=\"wptb-preview-table wptb-element-main-table_setting-7990\" data-reconstraction=\"1\" style=\"border: 0px solid rgb(193, 193, 193);\" data-wptb-table-tds-sum-max-width=\"846\" role=\"table\" data-wptb-header-background-color=\"\" data-wptb-even-row-background-color=\"#ffffff\" data-wptb-odd-row-background-color=\"#ffffff\" data-table-columns=\"3\" data-wptb-table-directives=\"eyJpbm5lckJvcmRlcnMiOnsiYWN0aXZlIjoiYWxsIiwiYm9yZGVyV2lkdGgiOiIxIiwiYm9yZGVyUmFkaXVzZXMiOnsiYWxsIjpudWxsfX19\" data-wptb-horizontal-scroll-status=\"false\" data-wptb-extra-styles=\"LyogRW50ZXIgeW91ciBjdXN0b20gQ1NTIHJ1bGVzIGhlcmUgKi8=\" data-wptb-table-alignment=\"center\" data-wptb-responsive-directives=\"eyJyZXNwb25zaXZlRW5hYmxlZCI6dHJ1ZSwicmVzcG9uc2l2ZU1vZGUiOiJhdXRvIiwicHJlc2VydmVSb3dDb2xvciI6ZmFsc2UsInJlbGF0aXZlV2lkdGgiOiJ3aW5kb3ciLCJoZWFkZXJGdWxseU1lcmdlZCI6ZmFsc2UsIm1vZGVPcHRpb25zIjp7ImF1dG8iOnsiZGlzYWJsZWQiOnsiZGVza3RvcCI6ZmFsc2UsInRhYmxldCI6ZmFsc2UsIm1vYmlsZSI6ZmFsc2V9LCJ0b3BSb3dBc0hlYWRlciI6eyJkZXNrdG9wIjpmYWxzZSwidGFibGV0Ijp0cnVlLCJtb2JpbGUiOnRydWV9LCJyZXBlYXRNZXJnZWRIZWFkZXIiOnsiZGVza3RvcCI6dHJ1ZSwidGFibGV0Ijp0cnVlLCJtb2JpbGUiOnRydWV9LCJzdGF0aWNUb3BSb3ciOnsiZGVza3RvcCI6ZmFsc2UsInRhYmxldCI6ZmFsc2UsIm1vYmlsZSI6ZmFsc2V9LCJjZWxsU3RhY2tEaXJlY3Rpb24iOnsiZGVza3RvcCI6InJvdyIsInRhYmxldCI6InJvdyIsIm1vYmlsZSI6InJvdyJ9LCJjZWxsc1BlclJvdyI6eyJkZXNrdG9wIjoxLCJ0YWJsZXQiOjEsIm1vYmlsZSI6MX19fSwiYnJlYWtwb2ludHMiOnsiZGVza3RvcCI6eyJuYW1lIjoiZGVza3RvcCIsIndpZHRoIjoxMDI0fSwidGFibGV0Ijp7Im5hbWUiOiJ0YWJsZXQiLCJ3aWR0aCI6NzAwfSwibW9iaWxlIjp7Im5hbWUiOiJtb2JpbGUiLCJ3aWR0aCI6MzAwfX19\" data-wptb-adaptive-table=\"0\"><tbody><tr class=\"wptb-row\" style=\"\"><td class=\"wptb-cell\" style=\"border-width: 1px; border-style: none; border-color: rgb(193, 193, 193); width: 216px; background-color: rgb(11, 139, 175); padding: 10px; height: 50px;\" data-x-index=\"0\" data-y-index=\"0\" data-wptb-own-bg-color=\"#0B8BAFFF\"><div class=\"wptb-text-container wptb-ph-element wptb-element-text-1\" style=\"padding: 0px; margin: 0px; color: rgb(255, 255, 255); font-size: 15px;\"><div class=\"\" style=\"position: relative;\"><p style=\"text-align: left;\"><strong>Assistance sociale<\/strong><\/p><\/div><\/div><\/td><td class=\"wptb-cell\" style=\"border-width: 1px; border-style: none; border-color: rgb(193, 193, 193); background-color: rgb(136, 136, 230); padding: 10px; width: 285px; height: 50px;\" data-x-index=\"1\" data-y-index=\"0\" colspan=\"1\" rowspan=\"1\" data-wptb-own-bg-color=\"#8888E6FF\"><div class=\"wptb-text-container wptb-ph-element wptb-element-text-3\" style=\"padding: 0px; margin: 0px; color: rgb(255, 255, 255); font-size: 15px;\"><div class=\"\" style=\"position: relative;\"><p style=\"text-align: center;\"><strong>Responsable<\/strong><\/p><\/div><\/div><\/td><td class=\"wptb-cell\" style=\"border-width: 1px; border-style: none; border-color: rgb(193, 193, 193); background-color: rgb(158, 161, 223); width: 285px; padding: 10px; height: 50px;\" data-x-index=\"2\" data-y-index=\"0\" data-wptb-own-bg-color=\"#9EA1DFFF\"><div class=\"wptb-text-container wptb-ph-element wptb-element-text-2\" style=\"padding: 0px; margin: 0px; color: rgb(255, 255, 255); font-size: 15px;\"><div class=\"\" style=\"position: relative;\"><p style=\"text-align: center;\"><strong>T&eacute;l.\/N&deg;Poste<\/strong><\/p><\/div><\/div><\/td><\/tr><tr class=\"wptb-row\" style=\"background-color: rgb(255, 255, 255);\" data-wptb-bg-color=\"\"><td class=\"wptb-cell\" style=\"border-width: 1px; border-style: solid; border-color: rgb(193, 193, 193); width: 216px; padding: 10px; background-color: rgb(11, 139, 175);\" colspan=\"1\" rowspan=\"1\" data-x-index=\"0\" data-y-index=\"1\" data-wptb-own-bg-color=\"#0B8BAFFF\"><div class=\"wptb-text-container wptb-ph-element wptb-element-text-38\" style=\"color: rgb(255, 255, 255); font-size: 15px; padding: 0px; margin: 0px;\"><div class=\"\" style=\"position: relative;\"><p class=\"\" style=\"text-align: left;\"><strong>H&ocirc;pital des Sp&eacute;cialit&eacute;s<\/strong><\/p><\/div><\/div><\/td><td class=\"wptb-cell\" style=\"border-width: 1px; border-style: solid; border-color: rgb(193, 193, 193); width: 285px; padding: 10px;\" data-x-index=\"1\" data-y-index=\"1\"><div class=\"wptb-text-container wptb-ph-element wptb-element-text-40\" style=\"padding: 0px; margin: 0px; color: rgb(74, 85, 104); font-size: 15px;\"><div class=\"\" style=\"position: relative;\"><p style=\"text-align: center;\">-<\/p><\/div><\/div><\/td><td class=\"wptb-cell\" style=\"border-width: 1px; border-style: solid; border-color: rgb(193, 193, 193); width: 285px; padding: 10px;\" data-x-index=\"2\" data-y-index=\"1\"><div class=\"wptb-text-container wptb-ph-element wptb-element-text-41\" style=\"padding: 0px; margin: 0px; color: rgb(74, 85, 104); font-size: 15px;\"><div class=\"\" style=\"position: relative;\"><p style=\"text-align: center;\">-<\/p><\/div><\/div><\/td><\/tr><tr class=\"wptb-row\" style=\"background-color: rgb(255, 255, 255);\"><td class=\"wptb-cell\" style=\"border-width: 1px; border-style: solid; border-color: rgb(193, 193, 193); width: 216px; padding: 10px; background-color: rgb(11, 139, 175);\" colspan=\"1\" rowspan=\"1\" data-x-index=\"0\" data-y-index=\"2\" data-wptb-own-bg-color=\"#0B8BAFFF\"><div class=\"wptb-text-container wptb-ph-element wptb-element-text-46\" style=\"color: rgb(255, 255, 255); font-size: 15px; padding: 0px; margin: 0px;\"><div class=\"\" style=\"position: relative;\"><p class=\"\" style=\"text-align: left;\"><strong>H&ocirc;pital M&egrave;re et Enfant<\/strong><\/p><\/div><\/div><\/td><td class=\"wptb-cell\" style=\"border-width: 1px; border-style: solid; border-color: rgb(193, 193, 193); width: 285px; padding: 10px;\" data-x-index=\"1\" data-y-index=\"2\"><div class=\"wptb-text-container wptb-ph-element wptb-element-text-48\" style=\"padding: 0px; margin: 0px; color: rgb(74, 85, 104); font-size: 15px;\"><div class=\"\" style=\"position: relative;\"><p style=\"text-align: center;\">-<\/p><\/div><\/div><\/td><td class=\"wptb-cell\" style=\"border-width: 1px; border-style: solid; border-color: rgb(193, 193, 193); width: 285px; padding: 10px;\" data-x-index=\"2\" data-y-index=\"2\"><div class=\"wptb-text-container wptb-ph-element wptb-element-text-49\" style=\"padding: 0px; margin: 0px; color: rgb(74, 85, 104); font-size: 15px;\"><div class=\"\" style=\"position: relative;\"><p style=\"text-align: center;\">-<\/p><\/div><\/div><\/td><\/tr><tr class=\"wptb-row\" style=\"background-color: rgb(238, 236, 236);\" data-wptb-bg-color=\"#EEECECFF\"><td class=\"wptb-cell\" style=\"border-width: 1px; border-style: solid; border-color: rgb(193, 193, 193); width: 216px; padding: 10px; background-color: rgb(11, 139, 175);\" colspan=\"1\" rowspan=\"1\" data-x-index=\"0\" data-y-index=\"3\" data-wptb-own-bg-color=\"#0B8BAFFF\"><div class=\"wptb-text-container wptb-ph-element wptb-element-text-50\" style=\"color: rgb(255, 255, 255); font-size: 15px; padding: 0px; margin: 0px;\"><div class=\"\" style=\"position: relative;\"><p class=\"\" style=\"text-align: left;\"><strong>Centre d&rsquo;Oncologie<\/strong><\/p><\/div><\/div><\/td><td class=\"wptb-cell\" style=\"border-width: 1px; border-style: solid; border-color: rgb(193, 193, 193); width: 285px; padding: 10px;\" data-x-index=\"1\" data-y-index=\"3\"><div class=\"wptb-text-container wptb-ph-element wptb-element-text-52\" style=\"padding: 0px; margin: 0px; color: rgb(74, 85, 104); font-size: 15px;\"><div class=\"\" style=\"position: relative;\"><p style=\"text-align: center;\">-<\/p><\/div><\/div><\/td><td class=\"wptb-cell\" style=\"border-width: 1px; border-style: solid; border-color: rgb(193, 193, 193); width: 285px; padding: 10px;\" data-x-index=\"2\" data-y-index=\"3\"><div class=\"wptb-text-container wptb-ph-element wptb-element-text-53\" style=\"padding: 0px; margin: 0px; color: rgb(74, 85, 104); font-size: 15px;\"><div class=\"\" style=\"position: relative;\"><p style=\"text-align: center;\">-<\/p><\/div><\/div><\/td><\/tr><tr class=\"wptb-row\" style=\"background-color: rgb(255, 255, 255);\"><td class=\"wptb-cell\" style=\"border-width: 1px; border-style: solid; border-color: rgb(193, 193, 193); width: 216px; padding: 10px; background-color: rgb(11, 139, 175);\" colspan=\"1\" rowspan=\"1\" data-x-index=\"0\" data-y-index=\"4\" data-wptb-own-bg-color=\"#0B8BAFFF\"><div class=\"wptb-text-container wptb-ph-element wptb-element-text-58\" style=\"color: rgb(255, 255, 255); font-size: 15px; padding: 0px; margin: 0px;\"><div class=\"\" style=\"position: relative;\"><p class=\"\" style=\"text-align: left;\"><strong>H&ocirc;pital Psychiatrique<\/strong><\/p><\/div><\/div><\/td><td class=\"wptb-cell\" style=\"border-width: 1px; border-style: solid; border-color: rgb(193, 193, 193); width: 285px; padding: 10px;\" data-x-index=\"1\" data-y-index=\"4\"><div class=\"wptb-text-container wptb-ph-element wptb-element-text-59\" style=\"padding: 0px; margin: 0px; color: rgb(74, 85, 104); font-size: 15px;\"><div class=\"\" style=\"position: relative;\"><p style=\"text-align: center;\">-<\/p><\/div><\/div><\/td><td class=\"wptb-cell\" style=\"border-width: 1px; border-style: solid; border-color: rgb(193, 193, 193); width: 285px; padding: 10px;\" data-x-index=\"2\" data-y-index=\"4\"><div class=\"wptb-text-container wptb-ph-element wptb-element-text-60\" style=\"padding: 0px; margin: 0px; color: rgb(74, 85, 104); font-size: 15px;\"><div class=\"\" style=\"position: relative;\"><p style=\"text-align: center;\">-<\/p><\/div><\/div><\/td><\/tr><\/tbody><\/table><\/div><\/div>\n\n<\/div>\n\t\t\t\t<\/div>\n\t\t\t\t<\/div>\n\t\t\t\t\t\t<\/div>\n\t\t\t\t\t<\/div>\n\t\t<\/div>\n\t\t\t\t\t\t\t\t<\/div>\n\t\t\t\t\t<\/div>\n\t\t<\/section>\n\t\t\t\t<section class=\"elementor-section elementor-top-section elementor-element elementor-element-e842f49 elementor-section-boxed elementor-section-height-default elementor-section-height-default\" data-id=\"e842f49\" data-element_type=\"section\">\n\t\t\t\t\t\t<div class=\"elementor-container elementor-column-gap-default\">\n\t\t\t\t\t\t\t<div class=\"elementor-row\">\n\t\t\t\t\t<div class=\"elementor-column elementor-col-33 elementor-top-column elementor-element elementor-element-3a5e13e\" data-id=\"3a5e13e\" data-element_type=\"column\">\n\t\t\t<div class=\"elementor-column-wrap elementor-element-populated\">\n\t\t\t\t\t\t\t<div class=\"elementor-widget-wrap\">\n\t\t\t\t\t\t<div class=\"elementor-element elementor-element-1ba6a05 animated-slow elementor-invisible elementor-widget elementor-widget-text-editor\" data-id=\"1ba6a05\" data-element_type=\"widget\" data-settings=\"{&quot;_animation&quot;:&quot;swing&quot;}\" data-widget_type=\"text-editor.default\">\n\t\t\t\t<div class=\"elementor-widget-container\">\n\t\t\t\t\t\t\t\t<div class=\"elementor-text-editor elementor-clearfix\">\n\t\t\t\t<h3>Important pour vous !<\/h3>\t\t\t\t\t<\/div>\n\t\t\t\t\t\t<\/div>\n\t\t\t\t<\/div>\n\t\t\t\t\t\t<\/div>\n\t\t\t\t\t<\/div>\n\t\t<\/div>\n\t\t\t\t<div class=\"elementor-column elementor-col-33 elementor-top-column elementor-element elementor-element-f780d2b\" data-id=\"f780d2b\" data-element_type=\"column\">\n\t\t\t<div class=\"elementor-column-wrap elementor-element-populated\">\n\t\t\t\t\t\t\t<div class=\"elementor-widget-wrap\">\n\t\t\t\t\t\t<div class=\"elementor-element elementor-element-7b67898 elementor-widget elementor-widget-text-editor\" data-id=\"7b67898\" data-element_type=\"widget\" data-widget_type=\"text-editor.default\">\n\t\t\t\t<div class=\"elementor-widget-container\">\n\t\t\t\t\t\t\t\t<div class=\"elementor-text-editor elementor-clearfix\">\n\t\t\t\tSi vous avez un souci sur le plan administratif li\u00e9 \u00e0 votre situation sociale, n\u2019h\u00e9sitez pas \u00e0 contacter l\u2019assistante sociale responsable au niveau de l\u2019h\u00f4pital concern\u00e9. Elle vous accompagnera et vous aidera dans la r\u00e9solution de vos probl\u00e8mes.\t\t\t\t\t<\/div>\n\t\t\t\t\t\t<\/div>\n\t\t\t\t<\/div>\n\t\t\t\t\t\t<\/div>\n\t\t\t\t\t<\/div>\n\t\t<\/div>\n\t\t\t\t<div class=\"elementor-column elementor-col-33 elementor-top-column elementor-element elementor-element-d9cb069\" data-id=\"d9cb069\" data-element_type=\"column\">\n\t\t\t<div class=\"elementor-column-wrap\">\n\t\t\t\t\t\t\t<div class=\"elementor-widget-wrap\">\n\t\t\t\t\t\t\t\t<\/div>\n\t\t\t\t\t<\/div>\n\t\t<\/div>\n\t\t\t\t\t\t\t\t<\/div>\n\t\t\t\t\t<\/div>\n\t\t<\/section>\n\t\t\t\t\t\t<\/div>\n\t\t\t\t\t\t<\/div>\n\t\t\t\t\t<\/div>\n\t\t","protected":false},"excerpt":{"rendered":"","protected":false},"author":1,"featured_media":0,"parent":0,"menu_order":0,"comment_status":"closed","ping_status":"closed","template":"elementor_header_footer","meta":[],"_links":{"self":[{"href":"http:\/\/chusm.ma\/index.php?rest_route=\/wp\/v2\/pages\/8083"}],"collection":[{"href":"http:\/\/chusm.ma\/index.php?rest_route=\/wp\/v2\/pages"}],"about":[{"href":"http:\/\/chusm.ma\/index.php?rest_route=\/wp\/v2\/types\/page"}],"author":[{"embeddable":true,"href":"http:\/\/chusm.ma\/index.php?rest_route=\/wp\/v2\/users\/1"}],"replies":[{"embeddable":true,"href":"http:\/\/chusm.ma\/index.php?rest_route=%2Fwp%2Fv2%2Fcomments&post=8083"}],"version-history":[{"count":0,"href":"http:\/\/chusm.ma\/index.php?rest_route=\/wp\/v2\/pages\/8083\/revisions"}],"wp:attachment":[{"href":"http:\/\/chusm.ma\/index.php?rest_route=%2Fwp%2Fv2%2Fmedia&parent=8083"}],"curies":[{"name":"wp","href":"https:\/\/api.w.org\/{rel}","templated":true}]}}