{"id":6055,"date":"2022-04-08T15:31:01","date_gmt":"2022-04-08T13:31:01","guid":{"rendered":"https:\/\/www.pixelconcept1.com\/chu-sm\/?page_id=6055"},"modified":"2022-06-21T17:17:07","modified_gmt":"2022-06-21T15:17:07","slug":"nos-missions","status":"publish","type":"page","link":"http:\/\/chusm.ma\/?page_id=6055","title":{"rendered":"Nos Missions"},"content":{"rendered":"\t\t<div data-elementor-type=\"wp-post\" data-elementor-id=\"6055\" class=\"elementor elementor-6055\" data-elementor-settings=\"[]\">\n\t\t\t\t\t\t<div class=\"elementor-inner\">\n\t\t\t\t\t\t\t<div class=\"elementor-section-wrap\">\n\t\t\t\t\t\t\t<section class=\"elementor-section elementor-top-section elementor-element elementor-element-4458627 elementor-section-boxed elementor-section-height-default elementor-section-height-default\" data-id=\"4458627\" data-element_type=\"section\" data-settings=\"{&quot;background_background&quot;:&quot;classic&quot;}\">\n\t\t\t\t\t\t<div class=\"elementor-container elementor-column-gap-default\">\n\t\t\t\t\t\t\t<div class=\"elementor-row\">\n\t\t\t\t\t<div class=\"elementor-column elementor-col-100 elementor-top-column elementor-element elementor-element-bde005b\" data-id=\"bde005b\" data-element_type=\"column\">\n\t\t\t<div class=\"elementor-column-wrap elementor-element-populated\">\n\t\t\t\t\t\t\t<div class=\"elementor-widget-wrap\">\n\t\t\t\t\t\t<section class=\"elementor-section elementor-inner-section elementor-element elementor-element-e4fb39e elementor-section-boxed elementor-section-height-default elementor-section-height-default\" data-id=\"e4fb39e\" data-element_type=\"section\">\n\t\t\t\t\t\t<div class=\"elementor-container elementor-column-gap-no\">\n\t\t\t\t\t\t\t<div class=\"elementor-row\">\n\t\t\t\t\t<div class=\"elementor-column elementor-col-33 elementor-inner-column elementor-element elementor-element-42cfa01\" data-id=\"42cfa01\" data-element_type=\"column\">\n\t\t\t<div class=\"elementor-column-wrap\">\n\t\t\t\t\t\t\t<div class=\"elementor-widget-wrap\">\n\t\t\t\t\t\t\t\t<\/div>\n\t\t\t\t\t<\/div>\n\t\t<\/div>\n\t\t\t\t<div class=\"elementor-column elementor-col-33 elementor-inner-column elementor-element elementor-element-daf462f\" data-id=\"daf462f\" data-element_type=\"column\">\n\t\t\t<div class=\"elementor-column-wrap elementor-element-populated\">\n\t\t\t\t\t\t\t<div class=\"elementor-widget-wrap\">\n\t\t\t\t\t\t<div class=\"elementor-element elementor-element-d859f48 elementor-invisible elementor-widget elementor-widget-elementskit-heading\" data-id=\"d859f48\" data-element_type=\"widget\" data-settings=\"{&quot;_animation&quot;:&quot;fadeInUp&quot;,&quot;_animation_delay&quot;:0}\" data-widget_type=\"elementskit-heading.default\">\n\t\t\t\t<div class=\"elementor-widget-container\">\n\t\t\t<div class=\"ekit-wid-con\" ><div class=\"ekit-heading elementskit-section-title-wraper text_center   ekit_heading_tablet-   ekit_heading_mobile-\"><h2 class=\"ekit-heading--title elementskit-section-title \">\n\t\t\t\t\tMissions\n\t\t\t\t<\/h2>\t\t\t\t<div class='ekit-heading__description'>\n\t\t\t\t\t<p>Conform\u00e9ment \u00e0 l\u2019article 3 de la loi n\u00b0 70.13 relative aux centres hospitalo-universitaires, le CHU a pour mission :<\/p>\n\t\t\t\t<\/div>\n\t\t\t<\/div><\/div>\t\t<\/div>\n\t\t\t\t<\/div>\n\t\t\t\t\t\t<\/div>\n\t\t\t\t\t<\/div>\n\t\t<\/div>\n\t\t\t\t<div class=\"elementor-column elementor-col-33 elementor-inner-column elementor-element elementor-element-d5a6fda elementor-hidden-tablet elementor-hidden-phone\" data-id=\"d5a6fda\" data-element_type=\"column\">\n\t\t\t<div class=\"elementor-column-wrap\">\n\t\t\t\t\t\t\t<div class=\"elementor-widget-wrap\">\n\t\t\t\t\t\t\t\t<\/div>\n\t\t\t\t\t<\/div>\n\t\t<\/div>\n\t\t\t\t\t\t\t\t<\/div>\n\t\t\t\t\t<\/div>\n\t\t<\/section>\n\t\t\t\t<section class=\"elementor-section elementor-inner-section elementor-element elementor-element-73f384c elementor-section-boxed elementor-section-height-default elementor-section-height-default\" data-id=\"73f384c\" data-element_type=\"section\">\n\t\t\t\t\t\t<div class=\"elementor-container elementor-column-gap-no\">\n\t\t\t\t\t\t\t<div class=\"elementor-row\">\n\t\t\t\t\t<div class=\"elementor-column elementor-col-50 elementor-inner-column elementor-element elementor-element-5951cac elementor-invisible\" data-id=\"5951cac\" data-element_type=\"column\" data-settings=\"{&quot;animation&quot;:&quot;fadeInUp&quot;,&quot;animation_delay&quot;:200}\">\n\t\t\t<div class=\"elementor-column-wrap elementor-element-populated\">\n\t\t\t\t\t\t\t<div class=\"elementor-widget-wrap\">\n\t\t\t\t\t\t<div class=\"elementor-element elementor-element-4750e6b elementor-position-left medizco_service_box elementor-vertical-align-top elementor-widget elementor-widget-image-box\" data-id=\"4750e6b\" data-element_type=\"widget\" data-widget_type=\"image-box.default\">\n\t\t\t\t<div class=\"elementor-widget-container\">\n\t\t\t<div class=\"elementor-image-box-wrapper\"><figure class=\"elementor-image-box-img\"><a href=\"#\"><img decoding=\"async\" width=\"200\" height=\"200\" src=\"http:\/\/chusm.ma\/wp-content\/uploads\/2022\/04\/icons-missions-02.png\" class=\"attachment-medizco-small size-medizco-small\" alt=\"\" loading=\"lazy\" \/><\/a><\/figure><div class=\"elementor-image-box-content\"><h3 class=\"elementor-image-box-title\"><a href=\"#\">Le soin<\/a><\/h3><p class=\"elementor-image-box-description\">&#x27A7;  Dispenser avec ou sans h\u00e9bergement, des prestations essentiellement sp\u00e9cialis\u00e9es, de diagnostic, de traitement et de r\u00e9habilitation ; prendre en charge des malades, des bless\u00e9s et des parturientes et assurer le suivi de leur \u00e9tat de sant\u00e9 ;<br>\n&#x27A7;  Assurer des prestations de diagnostic et de traitement des maladies buccodentaires ;<br>\n&#x27A7;  Constituer, dans la fili\u00e8re de soins, le niveau de r\u00e9f\u00e9rence hospitali\u00e8re tertiaire pour les \u00e9tablissements de sant\u00e9 publics et priv\u00e9s, implant\u00e9s dans son bassin de desserte ;<br>\n&#x27A7;  D\u00e9velopper des m\u00e9canismes de coop\u00e9ration et de communication avec lesdits \u00e9tablissements et contribuer \u00e0 leur concr\u00e9tisation et mise en \u0153uvre.\n<\/p><\/div><\/div>\t\t<\/div>\n\t\t\t\t<\/div>\n\t\t\t\t\t\t<\/div>\n\t\t\t\t\t<\/div>\n\t\t<\/div>\n\t\t\t\t<div class=\"elementor-column elementor-col-50 elementor-inner-column elementor-element elementor-element-f6bad9b elementor-invisible\" data-id=\"f6bad9b\" data-element_type=\"column\" data-settings=\"{&quot;animation&quot;:&quot;fadeInUp&quot;,&quot;animation_delay&quot;:400}\">\n\t\t\t<div class=\"elementor-column-wrap elementor-element-populated\">\n\t\t\t\t\t\t\t<div class=\"elementor-widget-wrap\">\n\t\t\t\t\t\t<div class=\"elementor-element elementor-element-ffdefee elementor-position-left medizco_service_box elementor-vertical-align-top elementor-widget elementor-widget-image-box\" data-id=\"ffdefee\" data-element_type=\"widget\" data-widget_type=\"image-box.default\">\n\t\t\t\t<div class=\"elementor-widget-container\">\n\t\t\t<div class=\"elementor-image-box-wrapper\"><figure class=\"elementor-image-box-img\"><a href=\"#\"><img decoding=\"async\" width=\"200\" height=\"200\" src=\"http:\/\/chusm.ma\/wp-content\/uploads\/2022\/04\/icons-missions-1.png\" class=\"attachment-medizco-small size-medizco-small\" alt=\"\" loading=\"lazy\" \/><\/a><\/figure><div class=\"elementor-image-box-content\"><h3 class=\"elementor-image-box-title\"><a href=\"#\">La formation<\/a><\/h3><p class=\"elementor-image-box-description\">&#x27A7;  Assurer la formation pratique, g\u00e9n\u00e9rale et sp\u00e9cialis\u00e9e, des \u00e9tudiants et des \u00e9tudiants chercheurs en m\u00e9decine, en pharmacie et en m\u00e9decine dentaire dans les secteurs public et priv\u00e9 ;<br>\n&#x27A7;  Contribuer \u00e0 :<br>\n&#x2794; La formation pratique de base des infirmi\u00e8res et infirmiers, sages-femmes et autres param\u00e9dicaux et de tout autres cadres appel\u00e9s \u00e0 travailler dans le syst\u00e8me de sant\u00e9 (avec les \u00e9tablissements de formation publics et priv\u00e9s) ; <br>\n&#x2794; La formation continue des professionnels de sant\u00e9 en coordination avec les autorit\u00e9s gouvernementales, les organismes professionnels de sant\u00e9 et les soci\u00e9t\u00e9s savantes concern\u00e9es.<br><\/p><\/div><\/div>\t\t<\/div>\n\t\t\t\t<\/div>\n\t\t\t\t\t\t<\/div>\n\t\t\t\t\t<\/div>\n\t\t<\/div>\n\t\t\t\t\t\t\t\t<\/div>\n\t\t\t\t\t<\/div>\n\t\t<\/section>\n\t\t\t\t<section class=\"elementor-section elementor-inner-section elementor-element elementor-element-ad81d5b elementor-section-boxed elementor-section-height-default elementor-section-height-default\" data-id=\"ad81d5b\" data-element_type=\"section\">\n\t\t\t\t\t\t<div class=\"elementor-container elementor-column-gap-no\">\n\t\t\t\t\t\t\t<div class=\"elementor-row\">\n\t\t\t\t\t<div class=\"elementor-column elementor-col-50 elementor-inner-column elementor-element elementor-element-8dace07 elementor-invisible\" data-id=\"8dace07\" data-element_type=\"column\" data-settings=\"{&quot;animation&quot;:&quot;fadeInUp&quot;,&quot;animation_delay&quot;:600}\">\n\t\t\t<div class=\"elementor-column-wrap elementor-element-populated\">\n\t\t\t\t\t\t\t<div class=\"elementor-widget-wrap\">\n\t\t\t\t\t\t<div class=\"elementor-element elementor-element-22b6e30 elementor-position-left medizco_service_box elementor-vertical-align-top elementor-widget elementor-widget-image-box\" data-id=\"22b6e30\" data-element_type=\"widget\" data-widget_type=\"image-box.default\">\n\t\t\t\t<div class=\"elementor-widget-container\">\n\t\t\t<div class=\"elementor-image-box-wrapper\"><figure class=\"elementor-image-box-img\"><a href=\"#\"><img decoding=\"async\" width=\"200\" height=\"200\" src=\"http:\/\/chusm.ma\/wp-content\/uploads\/2022\/04\/icons-missions-05.png\" class=\"attachment-medizco-small size-medizco-small\" alt=\"\" loading=\"lazy\" \/><\/a><\/figure><div class=\"elementor-image-box-content\"><h3 class=\"elementor-image-box-title\"><a href=\"#\">La recherche scientifique, l\u2019expertise et l\u2019innovation<\/a><\/h3><p class=\"elementor-image-box-description\">\n&#x27A7; Contribuer \u00e0 :<br>\n&#x2794; La recherche scientifique en sant\u00e9 conform\u00e9ment aux politiques publiques en la mati\u00e8re et en collaboration avec les \u00e9tablissements de recherche ;<br>\n&#x2794; L\u2019\u00e9valuation de la technologie m\u00e9dicale ;<br>\n&#x2794; L\u2019innovation dans le domaine de la sant\u00e9 et constituer un niveau de r\u00e9f\u00e9rence pour les pouvoirs publics, en mati\u00e8re de recherche clinique. A cette fin, le centre conclut avec les \u00e9tablissements de formation concern\u00e9s des conventions de partenariat approuv\u00e9es par les autorit\u00e9s gouvernementales comp\u00e9tentes.<br>\n&#x27A7; R\u00e9aliser les expertises m\u00e9dico-l\u00e9gales biom\u00e9dicales et techniques.\n<\/p><\/div><\/div>\t\t<\/div>\n\t\t\t\t<\/div>\n\t\t\t\t\t\t<\/div>\n\t\t\t\t\t<\/div>\n\t\t<\/div>\n\t\t\t\t<div class=\"elementor-column elementor-col-50 elementor-inner-column elementor-element elementor-element-2f1a844 elementor-invisible\" data-id=\"2f1a844\" data-element_type=\"column\" data-settings=\"{&quot;animation&quot;:&quot;fadeInUp&quot;,&quot;animation_delay&quot;:800}\">\n\t\t\t<div class=\"elementor-column-wrap elementor-element-populated\">\n\t\t\t\t\t\t\t<div class=\"elementor-widget-wrap\">\n\t\t\t\t\t\t<div class=\"elementor-element elementor-element-32524f8 elementor-position-left medizco_service_box elementor-vertical-align-top elementor-widget elementor-widget-image-box\" data-id=\"32524f8\" data-element_type=\"widget\" data-widget_type=\"image-box.default\">\n\t\t\t\t<div class=\"elementor-widget-container\">\n\t\t\t<div class=\"elementor-image-box-wrapper\"><figure class=\"elementor-image-box-img\"><a href=\"#\"><img decoding=\"async\" width=\"200\" height=\"200\" src=\"http:\/\/chusm.ma\/wp-content\/uploads\/2022\/04\/icons-missions-04.png\" class=\"attachment-full size-full\" alt=\"\" loading=\"lazy\" \/><\/a><\/figure><div class=\"elementor-image-box-content\"><h3 class=\"elementor-image-box-title\"><a href=\"#\">La sant\u00e9 publique<\/a><\/h3><p class=\"elementor-image-box-description\">&#x27A7; Participer \u00e0 :<br>\n&#x2794; Des actions de promotion de la sant\u00e9, de pr\u00e9vention et de s\u00e9curit\u00e9 sanitaire ;<br>\n&#x2794; L\u2019organisation et \u00e0 la r\u00e9gulation m\u00e9dicale des urgences pr\u00e9-hospitali\u00e8re et hospitali\u00e8res ;<br>\n&#x27A7; Assurer l\u2019\u00e9ducation sanitaire de ses usagers, organiser des campagnes de sensibilisation \u00e0 leur profit et promouvoir l\u2019\u00e9ducation th\u00e9rapeutique ;<br>\n&#x27A7;  Mettre en place les dispositifs garantissant la s\u00e9curit\u00e9 des patients.<br>\n<\/p><\/div><\/div>\t\t<\/div>\n\t\t\t\t<\/div>\n\t\t\t\t\t\t<\/div>\n\t\t\t\t\t<\/div>\n\t\t<\/div>\n\t\t\t\t\t\t\t\t<\/div>\n\t\t\t\t\t<\/div>\n\t\t<\/section>\n\t\t\t\t\t\t<\/div>\n\t\t\t\t\t<\/div>\n\t\t<\/div>\n\t\t\t\t\t\t\t\t<\/div>\n\t\t\t\t\t<\/div>\n\t\t<\/section>\n\t\t\t\t\t\t<\/div>\n\t\t\t\t\t\t<\/div>\n\t\t\t\t\t<\/div>\n\t\t","protected":false},"excerpt":{"rendered":"<p>Missions Conform\u00e9ment \u00e0 l\u2019article 3 de la loi n\u00b0 70.13 relative aux centres hospitalo-universitaires, le CHU a pour mission : Le soin &#x27A7; Dispenser avec ou sans h\u00e9bergement, des prestations essentiellement sp\u00e9cialis\u00e9es, de diagnostic, de traitement et de r\u00e9habilitation ; prendre en charge des malades, des bless\u00e9s et des parturientes et assurer le suivi de [&hellip;]<\/p>\n","protected":false},"author":1,"featured_media":0,"parent":0,"menu_order":0,"comment_status":"closed","ping_status":"closed","template":"template\/template-home.php","meta":[],"_links":{"self":[{"href":"http:\/\/chusm.ma\/index.php?rest_route=\/wp\/v2\/pages\/6055"}],"collection":[{"href":"http:\/\/chusm.ma\/index.php?rest_route=\/wp\/v2\/pages"}],"about":[{"href":"http:\/\/chusm.ma\/index.php?rest_route=\/wp\/v2\/types\/page"}],"author":[{"embeddable":true,"href":"http:\/\/chusm.ma\/index.php?rest_route=\/wp\/v2\/users\/1"}],"replies":[{"embeddable":true,"href":"http:\/\/chusm.ma\/index.php?rest_route=%2Fwp%2Fv2%2Fcomments&post=6055"}],"version-history":[{"count":0,"href":"http:\/\/chusm.ma\/index.php?rest_route=\/wp\/v2\/pages\/6055\/revisions"}],"wp:attachment":[{"href":"http:\/\/chusm.ma\/index.php?rest_route=%2Fwp%2Fv2%2Fmedia&parent=6055"}],"curies":[{"name":"wp","href":"https:\/\/api.w.org\/{rel}","templated":true}]}}